j(p) = p**3 + 6*p**2 + 9*p - 32. Let s(f) = 4*f**3 + 23*f**2 + 37*f - 129. Let o(r) = 9*j(r) - 2*s(r). Let v be o(-6). Give c(v).
2
Let a(s) = s**3 + 7*s**2 + 5*s. Let d(t) = -t**2 + 15*t - 19. Suppose -6*i + i = -55. Let x be d(i). Let q = 19 - x. Calculate a(q).
6
Let r(t) be the second derivative of t**7/840 - t**6/360 - t**5/120 - t**4/4 - 13*t**2/2 + 3*t. Let m(h) be the third derivative of r(h). Calculate m(2).
7
Let f(a) = 26*a + 59 + 121 - 430*a**2 + 431*a**2 + 17*a - a. Calculate f(-37).
-5
Let g(k) = 0*k**2 + 5*k**2 - 3*k**3 - 4*k**2 - 11140130 + 11140129 + k. Determine g(-2).
25
Let u(n) be the first derivative of -8*n**2 - 62*n - 1555. What is u(-4)?
2
Let g(d) = d**2 + 4*d + 1. Suppose 0 = s + p - 10, -8*p = -s - 13*p + 30. Suppose -3*x + s*j = 4, -6*x = -4*x + j + 7. What is g(x)?
-2
Let s(z) = 270*z + 548. Let q be s(-2). Let b(y) = 4*y - 43. What is b(q)?
-11
Let t be (-14)/(-6 + -1) + 66/(1 - -5). Let p(j) be the first derivative of -8*j - t + 1/4*j**4 - 7/3*j**3 + 4*j**2. Calculate p(6).
4
Let j(h) = -h**2 + 3*h. Let r be ((-7)/(-14))/(0 - 1/56). Suppose 2*z - 3*x + 39 = -0*z, 5*z - x = -117. Let b = z - r. What is j(b)?
-4
Suppose -5 = -797*l + 811*l - 5. Let t(k) be the third derivative of l*k + 1/6*k**3 + 0 + 1/60*k**5 - 19*k**2 - 1/24*k**4. Give t(1).
1
Let h(u) = -63*u - 7236. Let s be h(-115). Let k(c) = -c**2. Suppose 5 = 5*m - 0. Let p(l) = 2*l**2 - 9*l - 8. Let o(v) = m*k(v) + p(v). Calculate o(s).
-8
Let p(h) = 31*h**2 - 20*h + 43. Let t(b) = 116*b**2 - 79*b + 171. Let d(z) = 15*p(z) - 4*t(z). Give d(-18).
-3
Let d be (-17 + 21)*((-22)/(-4) + 1). Let w be 112/(-24) + 4 + d/(-6). Let c(b) = -3*b + 5. Give c(w).
20
Let m(v) = v**2 + 26*v + 76. Let p be m(-23). Suppose -2*d - 3*k = p + 19, 3*d - 5*k = -20. Let r(x) = -x**2 - 10*x - 3. Determine r(d).
-3
Let z = 490 - 480. Let b(p) = 0 + 2 - 28*p + z*p + 19*p. Determine b(5).
7
Suppose -11*r - 45283 = -45382. Let y(o) = -o**2 + 14*o - 11. Calculate y(r).
34
Let u(i) = -206*i + 196*i - 24 + 96 + 88. What is u(15)?
10
Let b(c) be the second derivative of 4*c**3/3 - 417*c**2/2 - 2460*c. What is b(53)?
7
Suppose 2631*w - 171 = 2612*w. Let q(z) = 2*z + 0 - 3*z + 1. Calculate q(w).
-8
Let s(i) = -2*i**3 - 12*i**2 - 26*i - 161. Let u be s(-6). Let a(j) = j**3 + 3*j**2 - 11*j + 7. What is a(u)?
12
Suppose 5*j - 1031 = 5*p + 1554, 0 = j + 4. Let n = p + 524. Let g(z) = -z**3 + 2*z**2 + 2*z + 2. What is g(n)?
-1
Let v be -3 + 4 + (-3)/(-1). Let d(i) = -v*i**3 - 10*i + 5*i**3 + 12*i + 10*i**3 - 1. Suppose 11*a - 12*a + 1 = 0. Calculate d(a).
12
Suppose 0 = -u - 2*y + 48, -2*u + 97 + 19 = -y. Let n(x) = 77*x - 102*x + u*x. Determine n(1).
31
Let j(q) be the first derivative of 57*q**2/2 - 26*q + 12168. Determine j(1).
31
Suppose -115*a = -110*a + i - 17, -5*a + i + 43 = 0. Let l(c) be the first derivative of c**4/4 - 5*c**3/3 - c - 1. Determine l(a).
35
Let o(h) be the second derivative of h**4/12 + 4*h**3/3 + 5*h**2 + 10*h + 8. What is o(-4)?
-6
Suppose -4*z + 12 = -2*z. Suppose 4*p = -s + 8 + 6, 2*s + 2*p - 10 = 0. Let d(h) = s + 8*h - 10*h + 4 - 2. Determine d(z).
-8
Let h(a) be the second derivative of -a**5/10 + a**4/6 - 4*a**3/3 + 9*a**2/2 + a - 178. Calculate h(3).
-51
Let x be (-3 - (-4 - -2))*-2. Suppose 0 = -4*n + 6 + x. Let s(a) = -4*a + a**2 + 0*a**2 + 0*a - 5 - n*a. Give s(7).
2
Let z(s) be the first derivative of 3*s**2/2 + 2*s + 195. Determine z(-1).
-1
Let z be (-4)/(-6) - (-6864)/396. Let u(c) = 3*c - 66. Determine u(z).
-12
Let n(g) = 5*g**2 - 5. Suppose -15 = 5*b - 2*x, 368*b - 12 = 372*b - 5*x. Give n(b).
40
Let f(h) = -3*h + 2*h**2 + 25 - 29 + 0*h**2 - 2*h**2 + 2*h**2. Let n = -47 + 52. What is f(n)?
31
Let j(i) = 5*i - 4*i - 8 + 2. Let k(v) = -13*v**2 - 112*v + 734. Let h be k(-13). Determine j(h).
-13
Let y(w) = -3*w - 24. Suppose -2*t + 0*t + 32 = -5*v, v - t + 4 = 0. What is y(v)?
0
Let t(f) = f**3 - 13*f**2 + 20*f + 27. Suppose 0 = -16*o + 163 + 13. Give t(o).
5
Let m(h) = 2 + 5 + 5*h - 3*h**3 + 6*h**2 - 1 + 4*h**3. Let x be ((-26)/(-39) - 2) + -1 + (-15)/9. Give m(x).
18
Let v(n) = -2 - 15*n + 5*n**2 - n**2 + 22. Let u(p) = 3*p**2 - 10*p + 13. Let s(f) = 7*u(f) - 5*v(f). Let l = 142822 - 142829. Determine s(l).
5
Let u(a) be the first derivative of -a**5/30 + a**3/2 + 15*a**2/2 - a + 94. Let j(b) be the second derivative of u(b). What is j(-3)?
-15
Let b(i) = -26*i - 243. Let v be b(-9). Let r(l) = -l**2 - 11*l + 4. Calculate r(v).
22
Let o(t) = 124*t**2 - 2*t - 1. Let u(a) = 351*a**2 - 6*a - 3. Let r(h) = 17*o(h) - 6*u(h). Let m be 0/(1/(2 + -1)). Suppose -2*k - 2 - 4 = m. What is r(k)?
13
Suppose -5*u - f = 82, 5*u - 8*f + 97 = -4*f. Let z(p) = -p**3 - 18*p**2 - 15*p + 31. Determine z(u).
-3
Suppose 2 = -10*x + 11*x. Suppose -10 = -0*f - x*f. Let y(d) = 15*d - 2 - f*d - 9*d. Give y(-4).
-6
Let l(t) = 15 - 9*t**2 + 5*t**2 + t**3 + 28*t - 36*t. Determine l(5).
0
Let g(l) = -38*l - 2. Let a = -14387 - -14384. Give g(a).
112
Let g(z) = 2*z**3 + 8*z**2 + z. Let i(h) = -43*h**3 + 7*h**2 + 4*h - 1. Let t(f) = g(f) - i(f). What is t(1)?
44
Let c(w) = 63*w**2 - 4*w + 5. Let a be c(2). Let d(r) = 2 - a*r - 9 + 251*r - r**2. Let u be d(0). Let i(z) = z**3 + 6*z**2 - 6*z - 9. What is i(u)?
-16
Let x(i) = -i + 8. Suppose -23906 = 5*y - 23971. Give x(y).
-5
Let s = 258 - 256. Let u(d) = 17*d**3 + 7 - 4 - 18*d**3 - 5*d**s - 5*d - 9. Let m(v) = v**3 - v - 4. Let t be m(0). What is u(t)?
-2
Let f(u) = -2*u**2 - 3*u - 3. Let l(t) = -t**3 + 3*t**2 + 6*t - 75. Let s(k) = 4*f(k) - l(k). What is s(12)?
-9
Let o be (-4)/(-10) - 1272/(-120). Let p(n) = -5*n**3 - 17*n**2 + 10. Let l(j) = -6*j**3 - 24*j**2 + 9. Let t(a) = -4*l(a) + 5*p(a). Give t(o).
14
Let l(u) = -8*u + 1. Suppose 48*r = -136*r + 39*r + 145. What is l(r)?
-7
Suppose -120*b + 9 = -117*b. Let n(y) = 2*y**2 + 3 - b + y**3 - y**2 - 2 - y. What is n(2)?
8
Let g = 2341 - 2333. Let b(f) be the second derivative of 3/2*f**2 - 5/6*f**3 + g*f + 0. Determine b(5).
-22
Let m(f) = 221*f + 156. Let l(y) = 708*y + 469. Let b(g) = 6*l(g) - 19*m(g). What is b(3)?
-3
Let g(q) = 3*q + 40. Let r(y) = y**3 + 23*y**2 - 79*y - 7. Let c be r(3). Calculate g(c).
10
Let j = 136 + -136. Let p be j/(8/4 - 3). Let y(g) = -g - 30. Give y(p).
-30
Suppose -579*n + 413 = -638*n. Let t(s) = -s**3 - 5*s**2 + 8*s + 8. Determine t(n).
50
Let q(f) = -f**3 - 13*f**2 + 17*f + 20. Let i(t) = t**2 + 207*t - 3344. Let z be i(15). What is q(z)?
-22
Let k(b) be the third derivative of 5*b**4/6 - b**3/6 - 2065*b**2. Give k(-1).
-21
Let h(z) = -z**3 - z - 1. Let r(p) = 5*p**3 - p**2. Let f(i) = 6*i**3 - i**2. Let b(u) = 5*f(u) - 4*r(u). Let w(n) = -b(n) + h(n). Give w(-1).
12
Let k(u) = -7*u**2 - 3*u + 4. Let z be 4 - ((-10)/6 - (-70)/15). What is k(z)?
-6
Let o(z) = z + 9. Let q(u) = 2*u + 14. Let s(n) = -10*o(n) + 6*q(n). Calculate s(8).
10
Let r = -55 - -57. Let c be 10/(22/11*r/(-4)). Let t(z) = -z**3 - 9*z**2 + 12*z + 14. Give t(c).
-6
Let n be (-52)/5*(-1105)/884. Let v(a) be the third derivative of -a**4/12 + 19*a**3/6 + a**2. Determine v(n).
-7
Let u(t) = 33*t**2 + 5*t - 12 - 64*t**2 + t**3 + 39*t**2. Let w be u(-7). Let q(v) = 6. Let h(c) = c - 5. Let g(m) = w*q(m) + 3*h(m). Give g(6).
15
Let v(i) = -3*i + 76. Let n(r) = 15*r - 380. Let u(a) = 2*n(a) + 11*v(a). Give u(19).
19
Let i(a) = 3*a**2 - 18*a + 42. Let b be i(6). Let s(v) = b*v - 1 - 17*v - 23*v. What is s(4)?
7
Suppose -7*i = -3*i - 20. Let j(s) = 807*s**2 - 23*s + 8. Let b(u) = 95*u**2 - 3*u + 1. Let a(z) = -17*b(z) + 2*j(z). Give a(i).
-1
Let n(h) be the first derivative of 4*h**3/3 - 27*h**2/2 - 9*h + 9336. Give n(7).
-2
Let i(k) = 14*k**3 + 46*k**2 - 51. Let l(n) = -9*n**3 - 30*n**2 + n + 37. Let o(d) = -5*i(d) - 8*l(d). Calculate o(-5).
-1
Let r(t) be the third derivative of 0 - 5/2*t**3 - 1/60*t**5 + 1/24*t**4 + 0*t + 128*t**2. Calculate r(0).
-15
Let k(d) be the second derivative of -d**5/120 - 5*d**4/12 + 19*d**3 - d**2/2 + d + 1. Let a(m) be the second derivative of k(m). What is a(-9)?
-1
Let r = -178 - -184. Suppose -d = -4*q + r, q - 4*d + 18 = 6*q. Let b(g) = g**2 - 1. Calculate b(q).
3
Let d(y) = y**3 - 12*y**2 + 7*y - 80. Suppose -4*w = -3*p + 44, -927 + 973 = 3*p - 5*w. Give d(p).
4
Let v(m) = 61*m**2 - 14*m + 54. Let n(d) = 193*d**2 - 41*d + 163. Let x(k) = 6*n(k) - 1